4*b**2 - 20*b - 46. Give f(-3).
140
Let d(i) = -15*i - 159. Give d(-10).
-9
Let s(u) = 2*u - 121. Give s(15).
-91
Let v(n) = -n**3 + 8*n**2 - 2*n + 16. Give v(8).
0
Let b(a) = -18*a**2 + 11*a + 11. Determine b(-1).
-18
Let k(p) = -45*p**2 - 586*p + 3. Determine k(-13).
16
Let s(n) = -194*n + 751. Calculate s(4).
-25
Let o(d) = -2*d**3 + 308*d**2 + 318*d - 1245. Determine o(155).
-5
Let t(z) = -2*z**2 + 70*z - 610. Give t(18).
2
Let k(m) = 7300*m + 58397. Determine k(-8).
-3
Let s(d) = 28*d**2 + 447*d - 7. Calculate s(-16).
9
Let o(n) = -2*n**3 - 54*n**2 - n - 14. What is o(-27)?
13
Let h(j) = -77*j + 5750. Determine h(75).
-25
Let u(d) = -7*d - 259. Determine u(-37).
0
Let o(p) = 55*p - 1141. Determine o(32).
619
Let v(q) = -11*q**2 - 163*q + 2365. What is v(9)?
7
Let u(h) = -424*h + 9339. Calculate u(22).
11
Let k(g) = -2890*g - 5776. Give k(-2).
4
Let i(t) = -215*t + 9502. Calculate i(44).
42
Let h(y) = -y - 230. Calculate h(-16).
-214
Let i(d) = 9*d**2 + 14*d - 141. What is i(7)?
398
Let d(x) = 104*x**2 - 20*x - 42. Determine d(-2).
414
Let b(u) = -u**3 - 39*u**2 + 168*u - 166. What is b(-43)?
6
Let m(t) = -83*t + 2958. Calculate m(36).
-30
Let r(c) = -c**3 - 8*c**2 + 3*c + 53. Calculate r(-7).
-17
Let v(n) = -507*n**2 + n - 3. Give v(0).
-3
Let p(l) = l**2 + 93*l - 707. Calculate p(-99).
-113
Let t(k) = 109*k - 60. Calculate t(2).
158
Let s(f) = -6*f**2 - 57*f - 32. Give s(-13).
-305
Let x(i) = -9*i**3 - 170*i**2 + 10*i - 20. Determine x(-19).
151
Let z(s) = 2*s**2 - 24*s + 67. Calculate z(8).
3
Let v(g) = -g**2 - 615*g - 18111. What is v(-584)?
-7
Let q(c) = -c**2 + 43*c - 78. Calculate q(19).
378
Let t(n) = -2*n**3 + 21*n - 4. Give t(2).
22
Let b(d) = 4*d**3 + 197*d**2 + 54*d + 238. Determine b(-49).
-7
Let c(u) = -2*u + 223. Calculate c(6).
211
Let n(t) = -t**2 - 257*t - 16379. What is n(-117)?
1
Let r(l) = -303*l - 29973. What is r(-99)?
24
Let u(z) = -z**3 - 50*z**2 + 101*z - 124. What is u(-52)?
32
Let d(w) = -w**2 - 42*w - 3. Give d(-42).
-3
Let s(f) = f**3 + 46*f**2 + 270*f - 115. Determine s(-39).
2
Let o(b) = -122*b + 4512. Give o(37).
-2
Let w(n) = -3184*n - 54134. What is w(-17)?
-6
Let v(f) = -f**3 - 14*f**2 - 4*f - 51. Calculate v(-14).
5
Let k(q) = -q**3 - 7*q**2 + 485*q + 4195. Calculate k(-9).
-8
Let c(s) = 21*s**2 + 182*s - 45. Determine c(-9).
18
Let d(k) = -k**2 + 97*k - 1356. Determine d(79).
66
Let d(r) = -7*r**2 - 247*r - 301. Give d(-34).
5
Let l(h) = -h**2 + 7*h + 1379. What is l(-34)?
-15
Let k(q) = -q**2 - q + 77. What is k(-9)?
5
Let d(u) = -2*u**2 - 356*u - 2788. Calculate d(-8).
-68
Let t(k) = 4*k**2 - 39*k + 88. What is t(11)?
143
Let y(v) = -2*v**3 + 7*v**2 + 36*v - 3. Give y(-3).
6
Let o(b) = b**3 - 2*b**2 - 15*b - 19. Determine o(-2).
-5
Let n(i) = i**2 + 15*i + 69. What is n(-8)?
13
Let f(n) = -3*n**3 - 175*n**2 + 746*n + 12. Calculate f(4).
4
Let i(c) = 39*c + 2889. Determine i(-74).
3
Let t(l) = -l**2 - 323*l - 6348. What is t(-21)?
-6
Let o(h) = -1990*h + 33771. Determine o(17).
-59
Let h(o) = -81*o + 1682. Determine h(20).
62
Let z(f) = -7*f**3 - 2*f**2 + 7*f + 5. Calculate z(3).
-181
Let l(y) = 2*y**3 + 44*y**2 + 38*y + 18. What is l(-21)?
102
Let g(r) = 2*r**3 + 14*r + 42. Give g(-3).
-54
Let n(i) = -9*i**3 + 12*i**2 - i - 5. What is n(-1)?
17
Let z(q) = -3*q**2 + 240*q + 116. Calculate z(81).
-127
Let w(o) = 2*o**2 - 13*o - 151. Calculate w(14).
59
Let i(b) = b**3 + 46*b**2 + 277*b + 161. What is i(-39)?
5
Let s(n) = 2*n**3 + 345*n**2 - 173*n - 13. Calculate s(-173).
-13
Let u(y) = 66*y - 672. Determine u(10).
-12
Let x(a) = -3*a**2 + 175*a + 1363. What is x(-7)?
-9
Let v(s) = 14*s**2 + 31*s - 14. Determine v(-3).
19
Let g(f) = -46*f + 256. Determine g(7).
-66
Let k(r) = -305*r - 8207. Give k(-27).
28
Let g(i) = -i**2 + 8*i - 182. Give g(18).
-362
Let m(i) = i**2 - 30*i - 458. Determine m(38).
-154
Let y(s) = -9*s**2 - 109*s + 1710. Determine y(9).
0
Let h(f) = -7*f**2 + 13*f - 9. What is h(2)?
-11
Let z(j) = 259*j**2 + 28*j + 27. Determine z(-1).
258
Let q(u) = -22*u**3 - 2*u**2 - 7*u - 6. Give q(-1).
21
Let b(z) = -4*z**2 - 76*z - 40. What is b(-19)?
-40
Let d(o) = o**2 + 43*o - 344. Give d(-49).
-50
Let w(t) = -t**3 + 68*t**2 - 1181*t + 903. What is w(35)?
-7
Let b(v) = -v**3 - 47*v**2 - 45*v - 1994. Calculate b(-47).
121
Let r(z) = 2*z**3 - 10*z**2 - 23*z + 98. Calculate r(3).
-7
Let m(l) = l**3 - 7*l**2 + 9*l - 39. Determine m(5).
-44
Let a(f) = 1063*f + 9687. Calculate a(-9).
120
Let k(s) = 19*s - 79. What is k(0)?
-79
Let b(u) = -363*u - 3997. What is b(-11)?
-4
Let j(x) = -2*x**3 - 433*x**2 - 218*x - 424. Give j(-216).
8
Let r(q) = -q**3 - 9*q**2 - 24*q - 9. What is r(-4)?
7
Let l(z) = 2*z**3 + 9*z**2 - 65. Calculate l(0).
-65
Let j(d) = d**2 + 292*d - 1423. Calculate j(5).
62
Let w(x) = 24*x + 171. Calculate w(-8).
-21
Let k(j) = -30*j + 26. Calculate k(-2).
86
Let h(b) = -b**2 - b + 112. Give h(10).
2
Let m(b) = 6*b**2 - 100*b - 29. Calculate m(17).
5
Let j(a) = a**3 - 21*a**2 - 138*a - 38. Determine j(26).
-246
Let f(k) = -5*k**2 - 31*k + 687. Calculate f(9).
3
Let d(l) = l**3 + 53*l**2 + 181*l - 755. What is d(-49)?
-20
Let a(z) = z**2 - 71*z + 540. Calculate a(12).
-168
Let a(d) = -2*d**2 + 18*d - 4. Determine a(2).
24
Let q(z) = -3*z**3 + 15*z**2 + 5*z - 15. Determine q(5).
10
Let n(x) = 275*x - 80049. Determine n(291).
-24
Let l(h) = 14*h - 563. Give l(40).
-3
Let r(d) = -75*d - 1727. Calculate r(-23).
-2
Let j(o) = 188*o - 4504. Calculate j(24).
8
Let c(f) = f**3 + 50*f**2 + 482*f + 16036. What is c(-47)?
9
Let k(n) = -2*n**2 - 160*n + 310. Determine k(-82).
-18
Let g(c) = c**2 - 64*c + 879. Calculate g(21).
-24
Let j(h) = 60*h - 3931. Determine j(67).
89
Let k(x) = -95*x + 26. Determine k(2).
-164
Let d(t) = 41*t + 2547. Calculate d(-62).
5
Let b(y) = 34*y**2 - 15*y - 8. Calculate b(4).
476
Let a(y) = -y**2 + 38*y - 221. Calculate a(38).
-221
Let h(l) = -l**3 + 26*l**2 - 140*l + 739. What is h(21)?
4
Let z(d) = 6*d**2 + 80*d - 370. Determine z(5).
180
Let y(m) = 3*m**3 - 6*m**2 - 11*m + 14. Give y(5).
184
Let t(w) = -w**3 - 4*w**2 - 1368*w - 8262. Determine t(-6).
18
Let a(w) = w**3 + 7*w**2 + 41*w + 735. Calculate a(-10).
25
Let r(o) = o**2 + 58*o - 103. Calculate r(-64).
281
Let s(u) = -u**2 + 796*u - 3170. What is s(4)?
-2
Let f(l) = l**3 + 20*l**2 + 21*l - 88. Give f(-18).
182
Let o(q) = 15*q - 413. Give o(28).
7
Let j(p) = 119*p - 21. Give j(-1).
-140
Let f(x) = 689*x + 697. Calculate f(-1).
8
Let g(k) = 135*k + 80. Determine g(-1).
-55
Let m(w) = 2*w**3 - 75*w**2 - 121*w + 93. Determine m(39).
-63
Let g(u) = -28*u - 210. Determine g(-15).
210
Let l(p) = -2*p**2 - 133*p - 336. Determine l(-64).
-16
Let a(i) = -17*i**2 + 32*i - 102. Give a(3).
-159
Let v(y) = 3*y**3 - 181*y**2 + 1731*y + 47. Calculate v(12).
-61
Let a(g) = 11*g - 19. Determine a(0).
-19
Let v(k) = 109*k + 635. Determine v(-5).
90
Let d(p) = -p**2 - 6*p + 86. Determine d(-12).
14
Let m(l) = 7*l**2 + 13*l - 88. Determine m(-5).
22
Let m(x) = -9*x**2 + 1961*x + 5873. What is m(-3)?
-91
Let l(o) = -o**2 - 17*o + 493. Calculate l(13).
103
Let g(s) = -72*s + 705. Give g(10).
-15
Let p(b) = -b**2 + 204*b - 5057. Calculate p(28).
-129
Let a(o) = 2*o**2 + 139*o - 1058. Give a(7).
13
Let c(t) = t**2 - 42*t + 441. What is c(33)?
144
Let g(h) = -53*h**2 + 4*h - 3. What is g(2)?
-207
Let i(f) = 10*f**3 + 33*f**2 - 35*f - 6. What is i(-4)?
22
Let m(k) = -12*k**2 + 131*k + 20. Give m(11).
9
Let p(b) = b**2 + 124*b - 1351. What is p(-134)?
-11
Let o(w) = -2*w**3 + 28*w**2 + 142*w - 18. What is o(18)?
-54
Let u(d) = -52*d + 16. What is u(-4)?
224
Let h(a) = -3*a**2 - 85*a + 176. Determine h(2).
-6
Let c(g) = -11*g + 83. What is c(8)?
-5
Let v(n) = 2*n**3 + 5*n**2 + 5*n - 14. Give v(-6).
-296
Let c(w) = -66*w - 2434. Calculate c(-37).
8
Let y(u) = -u**2 - 2*u + 101. Calculate y(15).
-154
Let w(y) = -62*y - 441. Give w(-7).
-7
Let w(j) = -5*j - 72. Calculate w(0).
-72
Let m(j) = -77*j + 694. Determine m(9).
1
Let u(m) = -40*m**2 + 10*m + 9. Give u(-1).
-41
Let d(r) = 45*r - 945. What is d(21)?
0
Let w(h) = -25*h**3 + 4*h**2 + 3*h. What is w(-1)?
26
Let s(w) = -8*w**2 - 133*w + 368. Give s(-19).
7
Let p(v) = 2*v**2 - 62*v + 226. Give p(27).
10
Let q(n) = n**3 - 21*n**2 - 5*n + 52. Determine q(21).
-53
Let k(g) = -g**2 - 53*g 